p + 4 = -5. Let a(l) = l**3 + 4*l**2 + 8. Let v(b) = b**3 + 5*b**2 - b + 7. Let t(d) = p*v(d) + 2*a(d). Is t(-8) prime?
False
Let g = 332 + -177. Is g prime?
False
Suppose 4*i + 5*f - 102 + 23 = 0, -5*i - 2*f = -86. Suppose 0 = -2*h + 5*m + 18 + 5, h + 3*m + i = 0. Is -1*(-1 - -32)*h composite?
False
Let d = 24 - 22. Suppose -n = -i - 3*i - 147, -4*n + 660 = d*i. Is n prime?
True
Suppose -f - 8679 = -5*y, 0*y - 2*y + 3486 = -4*f. Is y a composite number?
True
Suppose -129 = -j + 29. Is j prime?
False
Let u = 364 + 250. Is u prime?
False
Suppose 0 = 2*x - f - 95, -4*f = -0*f - 20. Let c = -30 + x. Let l = c - 1. Is l composite?
False
Suppose -3*y = -6*y + 2661. Is y a prime number?
True
Let n = 34 - 19. Let j = n + -31. Is (-4)/(j/98)*2 prime?
False
Let z(v) = -24*v - 5. Let c be (1 - 0)*(1 - 6). Let q = 1 + c. Is z(q) prime?
False
Suppose 3*y = 6*y - 1173. Is y a composite number?
True
Suppose 0*p + 3*p = -138. Let d = 77 + p. Is d a prime number?
True
Let z = -2 - 12. Let i = -7 - z. Is i prime?
True
Suppose -2*m + 5 = -1. Suppose -m*p = -58 - 704. Is p composite?
True
Suppose w - 3*w = -138. Suppose 10*q + w = 13*q. Is q a prime number?
True
Suppose 2*n + 5*h = 3*n, 0 = 3*n - 2*h. Let m(p) = p + 100. Let c be m(n). Suppose c = 5*b - 3*k + 2*k, b = -4*k - 1. Is b a prime number?
True
Let v(s) = s**2 + 1. Let n be v(2). Let h be (3/n)/((-3)/(-15)). Suppose -3*z - 33 = -h*p, p + z - 44 = -3*p. Is p prime?
True
Let p = -357 + 650. Is p a prime number?
True
Let v be 4/20 + (-2)/10. Suppose v = -z + 38 + 149. Suppose 146 = 4*u - 2*x, -5*u = 2*x - 0*x - z. Is u composite?
False
Suppose 0 = -2*j + 3 + 3. Suppose -3*x - d = -16, -j*d - 4 = -d. Is (267/x)/((-1)/(-2)) a composite number?
False
Let g = -3 - -8. Suppose 0 = g*y - 4*v - 144 - 293, -5*y + 453 = 4*v. Is y composite?
False
Suppose c + 5*l - 12 = 0, -2*c = -3*l + 2 - 0. Suppose -c*z + 0*z + 14 = 0. Suppose 3*w - 2*s = -z*s + 18, -5*w - 3*s = -46. Is w a prime number?
True
Let a(l) = -11*l + 13. Suppose 4*c - 14 = 5*u, 2*c = -2 - 6. Is a(u) composite?
False
Let n = -6 + 17. Is n composite?
False
Suppose 2*c + 895 - 37 = 0. Let y = 671 + c. Suppose -4*p + y + 138 = 0. Is p a prime number?
False
Let d(x) = -x**3 - 3*x**2 + 3*x + 7. Let k be d(-6). Suppose -a - 2*a = g - k, -2*g + 2*a = -194. Is g prime?
True
Let u(w) = -w + 7. Let x be u(5). Suppose -4*a = -3*a - x. Let q(d) = d**3 + d**2 + 1. Is q(a) a prime number?
True
Suppose 4*a = 5*a - 825. Suppose a + 243 = 2*b. Is (-8)/20 + b/10 a prime number?
True
Suppose 0*y + 1105 = 5*y. Is y a composite number?
True
Let k = -7 - -11. Let u(o) be the first derivative of 7*o**3/3 - 3*o - 3. Is u(k) composite?
False
Suppose 0*s = 2*s - 12. Suppose 2*q - 4*m - 302 = 0, 2*m - s*m + 544 = 4*q. Let w = q - 86. Is w composite?
True
Suppose -2*g + 2 + 10 = 0. Suppose 4*o - g*o = -2*y + 148, 4*o = 12. Is y a composite number?
True
Is 412/12 - (-2)/(-6) a prime number?
False
Suppose 0 = -3*h - 2*o - 1081, 0 = h + o - 0*o + 362. Let u = 236 + h. Let p = u - -270. Is p composite?
False
Suppose -16 = -4*d, -s - 2*d = d - 9. Let n = s - -6. Suppose f - 1 = -6, -n*f - 91 = -4*l. Is l a prime number?
True
Suppose 0 = -5*g - 0*g + 40. Suppose 3*c + c = g. Is c/(-4) - (-139)/2 a prime number?
False
Let v(h) = 60*h - 13. Is v(10) composite?
False
Suppose 0 = -2*o + 3*z + 6, -1 = o - 4*z + 1. Let m = o + -11. Let r(p) = -6*p + 4. Is r(m) composite?
True
Suppose -2*d - d + 9 = 0. Suppose -k - 3*p + 2 = 0, 4*k + 3*p = d + 41. Is k a composite number?
True
Let h(q) = q**3 - q**2 + q + 447. Is h(0) prime?
False
Let c be (-7)/4 + 2/(-8). Is (1727/(-22))/(1/c) prime?
True
Let c(x) = 5*x**2 + 4*x - 1. Is c(6) a prime number?
False
Let d(b) be the second derivative of -5*b**3/2 + 11*b**2/2 + 3*b. Is d(-9) composite?
True
Let q = -1887 - -3230. Is q a composite number?
True
Let d(w) be the second derivative of 2*w + 1/6*w**3 + 0 - 5/2*w**2 + 1/4*w**4. Is d(-4) composite?
True
Let h(g) = -8*g**3 - 5*g**2 - 2*g + 7. Suppose 3*j - 2*c = -17, -4*j + j + 3*c - 18 = 0. Let a be h(j). Suppose -a = n - 5*n. Is n prime?
True
Let u = -5 - 1. Let k = u - -12. Is k a composite number?
True
Let l = 2 + 0. Suppose 4*s + 62 = 2*x, -l*s - 155 = -5*x - 7*s. Is x composite?
False
Let u(f) = -f**3 + 22*f**2 - 46*f + 23. Is u(18) prime?
True
Let t = 3 + -1. Let z(u) = -3*u**t - 8*u**3 - 3*u**2 - 1 - 4*u + 2*u**2 - 2. Is z(-2) composite?
False
Suppose 123 = 5*s - 107. Is s a composite number?
True
Suppose -d - 2 = 0, -2*w = 2*d + 3*d - 74. Suppose -u + w - 4 = -5*l, -4*l = u - 65. Is u prime?
True
Let f(a) = 6*a**3 + 7*a. Let g be f(-5). Let d = g - -39. Is 2/(-7) - d/14 composite?
False
Suppose 0 = -4*g - 49 - 15. Let x = 55 + g. Is x a prime number?
False
Is (-15939)/(-36) + (-2)/(-8) a composite number?
False
Suppose -3*x = -25 - 14. Let f = x - 8. Let z = f - -14. Is z a composite number?
False
Let o(l) = -l**2 - 5*l + 5. Let b be o(-5). Suppose -4*n = -4*x + 3*x - 471, 4*n - b*x = 451. Is n a composite number?
True
Let y = -306 + 487. Is y a prime number?
True
Is (-5 - -1168 - -5) + (-2)/(-2) a composite number?
True
Let p = -201 + 458. Is p a composite number?
False
Let g = -829 + 487. Let q = g - -839. Is q a composite number?
True
Suppose -11 - 1 = -4*o. Suppose -5*v - 13 = -o, -4*v = -x + 20. Let u = x + -2. Is u composite?
True
Suppose -1 = -3*a + 11. Let o = a - -83. Is o a composite number?
True
Suppose -2*i - 4 = 0, -4*o = -3*o + 2*i - 1857. Is o prime?
True
Suppose 0*j = -3*j + 15. Suppose -6*y - w + 150 = -y, -2*y + 37 = 5*w. Suppose n + 40 = a + a, j*n = -a + y. Is a composite?
True
Let i = -2 + 1. Let p be ((-1)/i)/(4/764). Let l = -134 + p. Is l a composite number?
True
Let p be ((-2)/4)/(5/1540). Let z = -71 - p. Is z composite?
False
Let w = 1080 + -661. Is w composite?
False
Suppose 0 = -0*k + 4*k - 484. Is k a prime number?
False
Let v(y) = -y**2 + 6*y + 10. Let t be v(7). Let f be t*(-26)/3*1. Let w = -3 - f. Is w composite?
False
Let o(y) = -2*y**2 + 4*y**2 - y**3 - y**2 + 83. Let s be 0*(3/6*1 - 0). Is o(s) a composite number?
False
Let t(q) = -184*q**3 - 2*q**2 + 1. Let v be t(-1). Let a = v - 343. Let x = -69 - a. Is x prime?
False
Suppose 6 = 3*p - p - i, -p + 2*i = 0. Let n = p - 1. Is n a prime number?
True
Suppose 0 = u + 3*l + 1327, 5*l = -u - 3*u - 5336. Is u/(-9) + (-8)/(-36) a composite number?
False
Let f = 986 - -1175. Is f prime?
True
Let l(m) be the first derivative of -5*m**2 + 9*m + 2. Is l(-8) prime?
True
Suppose p - 259 = -0*p. Is p a composite number?
True
Suppose s - 4*s - 15 = 0, -s = -4*j + 2225. Suppose 185 = n + 5*z, -3*n + z = 2*z - j. Suppose 8*l - 3*l = n. Is l composite?
False
Suppose -h + 15 = 4*h. Is -6 + h + 48 + 1 a prime number?
False
Suppose 426 = 4*f - 26. Let s = f + -80. Is s prime?
False
Let d(x) = 320*x**2 + 3*x - 2. Is d(3) a prime number?
True
Suppose 0 = 4*g - u - 10, -4*g + 5*u - 1 = -g. Suppose c + g = 1, -5*a = -4*c - 423. Is a a composite number?
False
Let f(k) = -9*k**3 - 3*k**2 - 7*k. Is f(-3) a composite number?
True
Suppose 0*q = q - 2. Suppose 4*i + 78 = q*y, -4*y + 33 = -3*y + 4*i. Is y prime?
True
Let l be (-4)/5*5/2. Let v(g) = 22*g**2 + g - 1. Is v(l) composite?
True
Is (-7 + 3)*(1 - 0) + 2163 a prime number?
False
Let t = -2 - -10. Let i = -6 + t. Is 15/i - (-3)/(-6) a prime number?
True
Suppose -992 - 3114 = -2*o. Is o composite?
False
Let p(a) = 14*a**2 - 2*a + 5. Let d(o) = o + 10. Let n be d(-16). Is p(n) a composite number?
False
Let y(r) be the first derivative of 2*r**3 - r**2 + r - 4. Is y(3) a composite number?
True
Let q = 26 - -76. Suppose -3*b - 3*i + 2*i = -q, 184 = 5*b - 3*i. Is b composite?
True
Suppose 0 = -3*j - l + 814 + 806, -529 = -j - 4*l. Is j a prime number?
True
Is 2/((2/(-11756))/((-2)/8)) composite?
False
Let z(i) = -i**3 - 4*i**2 - 2*i - 3. Let t be z(-4). Suppose 0*s + t*s - 1895 = 0. Is s prime?
True
Let d = -68 - -189. Is d composite?
True
Is (1 - 4 - 308)*-1 composite?
False
Let s(k) = -k**2 - 4*k - 2. Let r be s(-2). Let f(m) = -r + 5 + 2 + 5*m. Is f(6) prime?
False
Let p be (-32)/(-6) - (-10)/(-30). Let o(k) = 7*k**2 - 4*k - 2. Let t be o(-3). Suppose 37 + t = p*g. Is g a composite number?
True
Suppose -57 = -3*q - 15. Suppose -16 = -2*w - 2*c, 3*c + 7 = 5*w - 9. Suppose -k = -q - w